ltiple of 14?
True
Suppose 5 = 3*w - 37. Is 8 a factor of w?
False
Let x = -1 + 1. Suppose d = -x*d. Is 17 - (d - 2/(-2)) a multiple of 15?
False
Let d = 229 - 91. Does 46 divide d?
True
Suppose 3 = -3*v, -3 + 5 = b + 5*v. Suppose -y = -3*w - 46, 119 = 2*y - w + b. Is y a multiple of 18?
False
Suppose r = -0*r + 3. Let f be 2/(-3) + (-40)/(-15). Suppose -23 = f*m - r*m. Is m a multiple of 23?
True
Suppose r + 50 = 6*r. Let t be (1 + -2)/((-2)/r). Suppose b + 64 = t*v - 2*v, 2*v = 3*b + 38. Is v a multiple of 11?
True
Suppose -2*x + 2*r = -16, 7 = x + 4*r - 26. Suppose 0 = -2*c + 1 - x. Is (2*3)/(c/(-24)) a multiple of 8?
True
Let v(f) = 4*f**2. Let y be v(1). Suppose -y*r + 56 = -0. Does 9 divide r?
False
Suppose 14*m + 381 = 17*m. Is m a multiple of 20?
False
Let u(i) = -i + 10. Let y be u(10). Suppose -4*b - 2*o - 10 = 4, 3*b = -4*o - 18. Is y + (-2)/b + 13 a multiple of 14?
True
Let z(s) = -s**3 + 4*s**2 - s - 1. Let w be z(2). Suppose w*d = d + 52. Suppose 1 - d = -y. Is 6 a factor of y?
True
Let p = 106 - 58. Let i be (-72)/20*5/(-1). Suppose -p = -5*u - i. Is 4 a factor of u?
False
Let g = -13 - -29. Does 4 divide g?
True
Suppose 178 = 3*v + s, -5*s = -4*v - s + 248. Is 14 a factor of v?
False
Suppose 4*j + 0*j - 20 = 0. Suppose j*a = 2*a. Does 18 divide 12/6 + (a - -16)?
True
Suppose 5*a - 72 - 83 = 0. Suppose -5*f - 103 = 2*d, -3*d - 77 = 3*f + 2*d. Let y = f + a. Is y a multiple of 12?
True
Suppose 0 = -2*t - 2*v + 62, 0 = -5*t - 8*v + 5*v + 149. Is t a multiple of 14?
True
Let f be 9/6*148/(-6). Let z = f + 54. Suppose 3*u - u - w - 24 = 0, -z = -u + 3*w. Is u a multiple of 9?
False
Suppose -2*x - 36 = -3*w, 37 = 3*w - x - 2. Is w a multiple of 14?
True
Let g(j) = -j**3 + 3*j**2 + 6*j - 5. Let v be g(4). Suppose -2*d - 4*c = -68, -d - v*c - 9 = -2*d. Is d a multiple of 8?
True
Suppose 3*y - 9 = -0*y. Suppose y*x + 2*x = 45. Is x a multiple of 5?
False
Let m(u) = -u**2 + 14*u - 42. Is m(5) a multiple of 2?
False
Let c(i) = -i**3 + 5*i**2 - 3*i + 5. Let b be c(4). Suppose 4*x = -4*f, 4*x + 2*f + b = -x. Is 12*(3 - x - 2) a multiple of 27?
False
Let g(k) = 10*k + 1. Let x be g(1). Let s = 24 - 22. Let l = x - s. Does 7 divide l?
False
Let h(d) = 2*d**3 + 2*d**3 - d - 6*d**3 + 3*d**2. Let g be h(2). Is 4 a factor of (-44)/(-6) - (-2)/g?
False
Let v be (-5 + 7)/(2/(-99)). Is ((-4)/3)/(6/v) a multiple of 8?
False
Is 19 a factor of (2 + (-140)/3)/(6/(-18))?
False
Suppose 284 = 3*f - 2*k, -2*k = -0*k - 4. Is 20 a factor of f?
False
Let z(m) = 25*m - 7. Let y(s) = -24*s + 8. Let b(q) = 2*y(q) + 3*z(q). Does 13 divide b(3)?
False
Let o be 12/9*3/2. Suppose -y + o*y = 16. Suppose y = i + 2. Is 7 a factor of i?
True
Let v be -7 + 2 - 2*-1. Is 2/(v - -1)*-13 a multiple of 13?
True
Let s(l) = -3*l - 15. Is s(-8) a multiple of 9?
True
Suppose 4*s = -0*s. Suppose 5*f + 4*p = 11 - s, -3*p = 3. Suppose -5*a - 17 = -c, f = a + 2*a. Does 19 divide c?
False
Is (80/6)/(2 + (-304)/156) a multiple of 26?
True
Let r be 1/(-1 - (-4 + 2)). Let s be (1 - 1)*(0 + r). Is 7 a factor of (-4 - -13) + (s - 1)?
False
Let t(a) = 2*a**2 + 2*a. Let y = 0 - 0. Suppose 0*z - 3*z + 9 = y. Is 13 a factor of t(z)?
False
Let h = 122 - 116. Is 6 a factor of h?
True
Let a = 26 + -36. Let m = a - -6. Is 12 a factor of m*1*(-9 - -3)?
True
Let s(m) = 2*m - 4. Is s(5) a multiple of 3?
True
Suppose 6*g - 68 = -3*w + g, 4*w - 82 = 2*g. Suppose 4*v = v - 3*t - w, -2*v + t = 17. Let u = -1 - v. Is 5 a factor of u?
False
Suppose 2*d = -0*d - 6. Let v = d + 16. Is 13 a factor of v?
True
Let r(u) = 3*u + 15 + 6*u**2 - u**3 + 4*u**2 - 1 - 4*u. Does 3 divide r(10)?
False
Suppose -5*k - k + 636 = 0. Is 29 a factor of k?
False
Does 3 divide 0 + (-1 + -52)*-1?
False
Suppose 4*n - 151 - 13 = 0. Is 22 a factor of n?
False
Let s = 241 + -61. Does 10 divide s?
True
Suppose -u - 2*v + 5*v + 50 = 0, 0 = -v - 2. Is u a multiple of 22?
True
Let c(v) = v**3 - v**2 - 5*v + 2. Let n be c(3). Suppose 3*r + r = m - 180, n*m = 4*r + 884. Is 8 a factor of (-4)/(-10) - m/(-10)?
False
Let s(j) = 5*j - 7. Let w be s(5). Suppose l + w = 69. Does 21 divide l?
False
Let n be 9/(-15) + (-26)/(-10). Let p be n/(8/6 + -1). Suppose q - 22 = p. Does 11 divide q?
False
Let h be 22/(4/(-3 + 11)). Suppose 2*j + 0*j = -x + h, x = -3*j + 49. Is x a multiple of 17?
True
Suppose 3*a + 6*a - 90 = 0. Is 4 a factor of a?
False
Let v = 330 + -145. Does 47 divide v?
False
Let l = -75 + 115. Is 8 a factor of l?
True
Suppose 0 = -0*v - 5*v - 5. Let r(g) = -16*g**3 + g**2 - 1. Is r(v) a multiple of 8?
True
Suppose -5*m = -0*m - 40. Suppose 5*j + 4*n = m*n + 166, -1 = -n. Is 13 a factor of j?
False
Suppose 0 = -5*c - 3*p + 232, 0 = -5*c - 0*p - 4*p + 236. Suppose -2*q + 4*b = -c - 38, -q + 35 = 4*b. Is 14 a factor of q?
False
Suppose -y - 20 = -6*y. Let k(a) = -a**3 + 6*a**2 - 4*a. Does 15 divide k(y)?
False
Let f(q) = -q**2 + 11*q - 2. Let t be (3/(-6))/(-1)*8. Suppose 0*r + 36 = t*r. Is f(r) a multiple of 7?
False
Suppose 0 = 5*r + a - 3*a - 15, -5 = 3*r - 4*a. Does 4 divide r?
False
Let g = 5 - 1. Let b be (2 - (-2 + 2)) + g. Let c = b + 8. Is c a multiple of 7?
True
Suppose 1003 - 313 = 5*y. Suppose 0 = 2*z - 5*z + y. Is z a multiple of 23?
True
Let s(x) = -x**2 - 3*x - 2. Suppose -4*i - 4 = 4*z, -4*i - 2 = -4*z + 10. Let v be s(i). Suppose -2*k = -k - 3, 5*w - 2*k - 44 = v. Is 10 a factor of w?
True
Let u = -29 - -58. Suppose 5 + u = z. Is 17 a factor of z?
True
Suppose 8*i - 10*i = -372. Is 30 a factor of i?
False
Suppose 0 = -3*f + d + 20 - 7, d - 8 = -4*f. Let k be 3/(2/8*f). Suppose 7*r = k*r + 36. Is r a multiple of 6?
True
Let n be -4*(-6 - 0/(-4)). Suppose -3*m = t - 2*m - 9, 4*t - n = 2*m. Does 2 divide t?
False
Let v = -30 - -108. Is v a multiple of 26?
True
Let g = 13 - 11. Suppose 4*p - 2*y - g*y - 156 = 0, 153 = 4*p - y. Is p a multiple of 19?
True
Let w = 10 - 5. Let g(q) = q - 4*q + w + 2. Does 11 divide g(-5)?
True
Suppose -o - 5*g = -2*g - 29, 0 = o - 4*g + 6. Is o a multiple of 14?
True
Let i(k) = -k**3 + 6*k**2 - 4*k - 4. Does 9 divide i(3)?
False
Let x = 8 - 2. Suppose 2*l - 121 = -5*y, -l = -4*l - x. Suppose -5*i - y = -105. Is i a multiple of 16?
True
Let v be (2/5)/(2/20). Let i be v/10*(-1 + -19). Is ((-14)/i)/(1/8) a multiple of 7?
True
Let m(x) = x**2 - 4*x - 1. Let p be m(5). Let c be (-6)/p*(-320)/15. Suppose -2*q + 0*q + c = s, 4*s = -q + 114. Does 15 divide s?
False
Let q = 12 + 0. Let k(y) = -y**3 + y**2 - y + 25. Let h be k(0). Let s = h - q. Does 13 divide s?
True
Let k be (-6)/(-2 - 9/(-4)). Let f = k - -50. Does 8 divide 1*(-1 + -1 + f)?
True
Suppose -h = 3*h - 264. Does 11 divide h?
True
Suppose 460 = 2*w - w. Suppose 2*d + w = 5*b, 7 = -d + 2. Is b a multiple of 18?
True
Let k(q) = 2*q**2 + 8*q + 4. Does 7 divide k(-5)?
True
Suppose 4*c = 6*c - 12. Is c a multiple of 3?
True
Suppose -3 = 4*g + i, -16 = -4*g + 3*i - 7. Suppose 35 = -g*k + 5*k. Is k a multiple of 7?
True
Suppose -5 + 32 = x. Let q = x - 18. Let a = -2 + q. Is a a multiple of 5?
False
Let d(q) = -q**3 - 9*q**2 + 8*q - 14. Let j(z) = -z + 7. Let i be j(7). Suppose i = -4*p + p - 30. Is 3 a factor of d(p)?
True
Let c(m) = -m**3 - m**2 - m + 3. Let j be c(0). Let x = 7 - j. Is x a multiple of 3?
False
Let l be (-878)/(-4) + (-5)/10. Suppose -y - 3*c = -118, -4*y + l + 281 = -2*c. Suppose -5*h + 6 = -y. Does 13 divide h?
True
Let i(s) = -s**3 + s**2 + 3*s. Suppose 2*z = -5*p - 45, 3*p + 8 = -4*z - 47. Let o be (12/10)/(4/z). Is 12 a factor of i(o)?
False
Let h(c) = 11*c - 2. Suppose -5*j + 1 + 4 = 0. Is 3 a factor of h(j)?
True
Let b(s) = s**2 - 14*s - 2. Let w be b(11). Let x = 58 + w. Does 13 divide x?
False
Suppose -5*s = 5*t - 8*t - 2716, -t + 2728 = 5*s. Is s a multiple of 70?
False
Is 117 + (-32)/(-10) + 12/(-60) a multiple of 10?
True
Let k(u) = u**3 - 6*u + 8 - 4*u**2 - u**2 + 3*u. Let c = -11 - -17. Does 14 divide k(c)?
False
Let z be 1 + (-6)/2 + 18. Let w = z - 4. Does 7 divide w?
False
Let j be 76/6 + 4/12. Suppose 10 = p - j. Is 6 a factor of p?
False
Let d = 10 - 8. Suppose -l = d*l - 27. Is l a multiple of 8?
False
Let q(p) = -13*p - 9. Let x(u) = -u**3 + 10*u**2 - 11*u + 11. Let n be x(9). Let h be q(n). Suppose 4*r = 2*r + h. Does 12 divide r?
False
Let v(z) = 28*z - 30. Is 26 a factor of v(2)?
True
Let z = 52 - -